 What are the prime factors of h?
3
Let q(v) = v + 8. Let d be q(0). Let j be ((-4)/(-2))/(d/(-32)). Let a = 1 - j. List the prime factors of a.
3
Suppose 57*y = 51*y + 1512. What are the prime factors of y?
2, 3, 7
Suppose 164 = 4*w - 68. Let t(i) = w*i - 4 - 3*i + 6. List the prime factors of t(1).
3, 19
Let j(v) = v + 1. Let z be j(-1). Suppose z = -4*d, -4*x + d = -7*x + 201. What are the prime factors of x?
67
Let d = -12 - -672. List the prime factors of d.
2, 3, 5, 11
Suppose -15 = 6*c - 9*c. Suppose -c = -b + 3. What are the prime factors of b?
2
Let h = -49 - -45. List the prime factors of 51*1/(-4)*h.
3, 17
Let h(k) = k**2 + 4*k - 4. Suppose 4*v - 5*a = 61, 0*v = -v - a + 4. Suppose v + 15 = -4*r. List the prime factors of h(r).
2
Suppose 0 = 35*j - 27*j - 6000. List the prime factors of j.
2, 3, 5
Suppose 3*h - 3*o + 0*o = 30, -4*o = -3*h + 35. Suppose d = -0*d - k + 60, 0 = -3*d - h*k + 176. List the prime factors of d.
2, 31
Let w = 162 + -1. List the prime factors of w.
7, 23
Suppose d = -5, -2*v = -6*v - 4*d + 496. List the prime factors of (v + -6)/((0 - -4) + -3).
3, 41
Let i be 1 + -2 + 45 + 1. Suppose 0 = -2*v + 3*t + 2*t + i, v - t = 30. List the prime factors of v.
5, 7
Suppose -3*z + 5*u = 9, 2*z - u + 2 = u. Suppose -f = -z*m + 44, -84 = f + f - 3*m. What are the prime factors of (2/(-4))/(3/f)?
2, 3
Suppose 10706 = 4*j - 2*x, 3*x + 3661 = 2*j - 1686. What are the prime factors of j?
2, 13, 103
Suppose 4*w + 5*q = 41, 5*w + q + q = 30. Let d(x) = -x**2 + 8*x + 2. What are the prime factors of d(w)?
2, 3
Suppose -c - 2*c - 4*i - 1 = 0, i + 19 = 3*c. Let v = c - -46. List the prime factors of v.
3, 17
Let l be 12/7*(-7)/(-2). List the prime factors of 80 - l/(-9)*3.
2, 41
Let y(i) = 123*i - 372. What are the prime factors of y(30)?
2, 3, 7, 79
What are the prime factors of -3*1317/(-27)*3?
439
Let d(m) = 3*m**2 + m + 2. Let b be d(3). Let g be b/10 - 2/10. Suppose l - g*y - 56 = 0, 5*l - 115 = y + 207. What are the prime factors of l?
5, 13
Let i = 168 + -164. Suppose -i*l + 673 + 335 = 0. List the prime factors of l.
2, 3, 7
Suppose 1 = -m + 133. Let u = m + -92. Suppose 5*x = u + 30. List the prime factors of x.
2, 7
Let t = 29 + -44. List the prime factors of (40/t)/8 + (-202)/(-3).
67
Let v(m) = -7*m**2 + 5*m + 34. Let n(k) = -k**2 + k + 1. Let x(w) = -6*n(w) + v(w). What are the prime factors of x(0)?
2, 7
List the prime factors of -2 + -2 + 2197 + 4 + -5.
2, 137
Suppose 4*z = 5*w - 0*z - 1314, 4*z = 3*w - 782. Let c = w - 188. List the prime factors of c.
2, 3, 13
Let d = -6 - -1026. List the prime factors of d.
2, 3, 5, 17
Let a be 0 - (-2)/(-1) - -17. Let v = -14 + a. List the prime factors of (2 + v)*2/2.
3
What are the prime factors of (904/(-20))/(44/(-2530))?
23, 113
Let l(z) = 18*z**2 + z + 1. What are the prime factors of l(1)?
2, 5
Suppose -4*c + 1 = 33. Let h be (9/6)/(3/c). List the prime factors of h/2 - -45 - -1.
2, 11
Suppose u + 0 = 16. Suppose -4*p + 36 = -8*p - 4*t, -p + 4*t = -u. What are the prime factors of p/(-2 - 20/(-14))?
7
Let o(h) = 188*h**3 - h**2 + 2*h - 1. What are the prime factors of o(1)?
2, 47
Let d(t) = t**3 - 10*t**2 + 12*t - 25. Let f be d(11). Suppose -i - f = -4*i. What are the prime factors of i?
2, 19
Let s = 328 - 308. What are the prime factors of s?
2, 5
Suppose -56*p + 100925 = -p. What are the prime factors of p?
5, 367
Let k = -111 - -120. Let l = 30 + k. List the prime factors of l.
3, 13
Let x = 2461 - 1708. List the prime factors of x.
3, 251
Let z(i) = -4*i**3 + 4*i**2 - 2*i + 3. Let p be z(3). List the prime factors of (-1)/2*(13 + p).
31
Suppose -3*y = -5*n - 42 + 436, -y - 2*n = 146. Let u = y + 235. What are the prime factors of u?
97
Suppose -5*m - 6 = -16. Suppose -162 = -4*p - m*q, -2*p + 15 = -4*q - 81. List the prime factors of p.
2, 3, 7
Let r(c) = -7*c**3 + 3*c**2 - c - 8. List the prime factors of r(-4).
2, 3, 41
Suppose -8 - 12 = 5*h. List the prime factors of 234/2 - (h + (-1 - -4)).
2, 59
What are the prime factors of (29 - -1160) + 4 + (-2)/1?
3, 397
Let s be (3 - 0)/((-45)/(-30)). Suppose 0 = -3*u + 3*v + 6, s*u - v - 6 = -u. List the prime factors of (50 - u) + -3 + 1.
2, 23
Let b(f) = -2*f + 16. Let k be b(-27). Suppose k + 18 = 2*x. List the prime factors of x.
2, 11
Suppose 2*h = 2*y - 602, 224 = -5*y - h + 1723. What are the prime factors of y?
2, 3, 5
Suppose 0 = -20*x + 9507 + 853. What are the prime factors of x?
2, 7, 37
Let w(m) = -2 + 0*m**2 + m**2 - m**3 + 3*m**3 + 4*m**3. Let t be w(-2). List the prime factors of t*(-2 + 9/6).
23
Let x = -569 + 3385. List the prime factors of x.
2, 11
Let r = 2685 - 667. What are the prime factors of r?
2, 1009
Let u = 598 + 144. List the prime factors of u.
2, 7, 53
Let y = 34 + -28. Suppose 0*w - y*w + 13710 = 0. What are the prime factors of 10/(-35) + w/35?
5, 13
Let l(c) = -c**3 - 13*c**2 + 3*c + 7. Let q be l(-13). Let z = 84 + q. List the prime factors of z.
2, 13
Suppose -10*s + 3600 = -0*s. Suppose 7*v = 60 + s. What are the prime factors of v?
2, 3, 5
Suppose -699 = -8*q - 283. List the prime factors of q.
2, 13
Let a = 315 + -62. Let r = 377 - a. What are the prime factors of r?
2, 31
Let m(a) = a**2 + 5 - 11*a**2 + 6*a**2 - 9*a + 3*a**2. Let q be m(-7). Suppose 3*s - 86 = -h - q, -5*s - 3*h + 113 = 0. What are the prime factors of s?
2, 11
Let c(m) be the third derivative of -m**5/60 + 43*m**3/6 + m**2. Suppose 3*b - 11*b - 4*b = 0. What are the prime factors of c(b)?
43
Let q(v) = -24*v + 20. Suppose 2 = 2*f - 4*c, -5 = 5*f - 5*c - 0. List the prime factors of q(f).
2, 23
Let d = 100 - 101. What are the prime factors of d/(6 - 3) + (-307)/(-3)?
2, 3, 17
Suppose -3*k + 565 - 103 = 0. Let o = k + -67. List the prime factors of o.
3, 29
Suppose 0 = -5*g + 3*o + 240, 5*o = g - 3*g + 65. Let j = 40 + g. What are the prime factors of j?
5, 17
Suppose 22*o - 19*o - 2948 = -2*t, -8 = 4*t. What are the prime factors of o?
2, 3, 41
Suppose -2*k = -5*k + 9. Suppose -25 = -k*b - 2*b. What are the prime factors of b?
5
Suppose 345 = 5*v + 85. Suppose -3*l + 92 + v = 0. What are the prime factors of l?
2, 3
Let w = -331 - -359. List the prime factors of w.
2, 7
Let r = 113 + -111. Suppose v - 5 = 0, -6*q + 5*q + 259 = -r*v. List the prime factors of q.
269
Suppose -7*c - 33 = -2*f - 2*c, 5*c = 5*f - 45. Suppose 4*b - 384 = 2*r, 10*b - 454 = 5*b - f*r. List the prime factors of b.
2, 47
Suppose -47*b = 5*c - 49*b - 9312, -2*c = -2*b - 3720. List the prime factors of c.
2, 233
Let r = 293 - -7. List the prime factors of r.
2, 3, 5
Let t be (5/15)/((-5)/45). List the prime factors of ((-2)/4)/(t/2)*597.
199
Let x = -11 + 14. Suppose 3*s + 299 = 5*w, 2*s + w + x*w + 236 = 0. What are the prime factors of (-40)/6*s/24?
2, 3, 5
Let v = -75 - -78. Suppose 6*a - 450 = v*a. What are the prime factors of a?
2, 3, 5
Let l = -16 - -24. Suppose -7*g + 148 = l. List the prime factors of g.
2, 5
Let m(s) = s**3 - 8*s**2 - 9*s + 32. What are the prime factors of m(11)?
2, 37
Let b(d) = -d**2 - 14*d. Let i be b(-14). Let s(y) = -y**2 + y + 7. Let t be s(i). Suppose -t*c - 28 = -8*c. What are the prime factors of c?
2, 7
Let f be ((-3)/(-2))/(6/4) - -4. Suppose -394 = -7*m + f*m. List the prime factors of m.
197
Suppose 244*d - 248*d + 752 = 0. What are the prime factors of d?
2, 47
Let u(q) = q**3 + 15*q**2 - 15*q + 3. What are the prime factors of u(-15)?
2, 3, 19
Let h(z) = 82*z - 218. List the prime factors of h(24).
2, 5, 7
Let y(o) = -6*o**2 + 5*o + 18. Let q(r) = -5*r**2 + 4*r + 17. Let l(b) = -5*q(b) + 4*y(b). List the prime factors of l(-9).
2, 17
Let r(w) = -20*w**3 + 21*w**2 + 83*w - 25. What are the prime factors of r(-6)?
29, 157
Let c = 131 + -127. Suppose c*a + 120 = 992. What are the prime factors of a?
2, 109
Let x(d) = -6*d**2 + 5*d - 1. Let r be x(2). Let h = -12 - r. List the prime factors of h.
3
Let z(o) = -152*o - 6. Let m be z(-4). Suppose -3*n + 30 = -h + 228, 3*h - 5*n - m = 0. Suppose 0*t = 3*t - h. List the prime factors of t.
2, 17
Let u be 9 + -1 - (2 + -2). Suppose 0*c - 2*c = u. What are the prime factors of c/6 - 516/(-18)?
2, 7
Let d be 22/(-4) + (-14)/28. Suppose g - 16 = 4*k, 2*g - 16 = g - k. Let p = g + d. What are the prime factors of p?
2, 5
Suppose 4*h = -2*t + 1248, 3*t + 2*h -